) to base 3.
202201121120
-616002 (base 9) to base 6
-11454515
What is -312000130 (base 4) in base 2?
-110110000000011100
What is 122021010021210 (base 3) in base 16?
8bfe93
What is -1700187 (base 9) in base 4?
-3212230300
What is 122112101201200 (base 3) in base 10?
9317880
7d3c9a (base 14) to base 4
100103223100
101022121001020 (base 3) to base 9
11277036
Convert -2d552 (base 16) to base 5.
-21420212
Convert 584a9 (base 12) to base 4.
130313001
bd903 (base 14) to base 11
294686
Convert -103233331 (base 4) to base 10.
-80893
Convert 1643665 (base 10) to base 13.
4571aa
-21223222002 (base 4) to base 12
-a24996
What is 4054064 (base 7) in base 4?
1312022303
What is -d677 (base 15) in base 11?
-31076
Convert 20112010211211 (base 3) to base 5.
1341421021
What is -dc0 (base 14) in base 16?
-a9c
Convert -106634 (base 8) to base 2.
-1000110110011100
Convert 713706 (base 11) to base 10.
1146844
Convert -a47b30 (base 12) to base 9.
-4768830
Convert 11100001110100011 (base 2) to base 15.
243ce
What is 156171 (base 8) in base 12?
287b5
-445230 (base 16) to base 2
-10001000101001000110000
Convert 2061162 (base 8) to base 10.
549490
What is -20233321 (base 6) in base 8?
-2154761
15126330 (base 7) to base 16
15e7e7
What is 334420521 (base 6) in base 13?
135719b
157cbe (base 15) to base 2
11111101101010011100
-2140510 (base 6) to base 4
-121333122
303200321 (base 4) to base 2
110011100000111001
What is -12386728 (base 9) in base 5?
-3024033303
What is 1121100221011 (base 3) in base 11?
533369
-5982221 (base 11) to base 14
-1556087
Convert -2211000121201 (base 3) to base 5.
-340340414
What is -5444363 (base 8) in base 9?
-2665341
25210 (base 9) to base 8
41052
24231853 (base 9) to base 3
211021001221210
What is 116b122 (base 12) in base 15?
46b025
-100111011001000001 (base 2) to base 8
-473101
100110101122110 (base 3) to base 9
10411573
Convert 15413120 (base 6) to base 7.
4433514
57044 (base 12) to base 14
302d6
What is 5572380 (base 11) in base 13?
2040495
Convert -3530210 (base 6) to base 12.
-89966
22602226 (base 8) to base 15
671a84
What is -6363050 (base 7) in base 13?
-2103a1
Convert -21c1608 (base 13) to base 9.
-21456130
Convert 2189d (base 14) to base 2.
10011110110000011
Convert -66063 (base 16) to base 12.
-181a03
-69151 (base 10) to base 16
-10e1f
11511042 (base 6) to base 12
158482
Convert -1142632 (base 9) to base 8.
-2270323
What is 33d990 (base 14) in base 11?
aa7041
Convert 985b0 (base 16) to base 3.
1011201000220
Convert -402889 (base 12) to base 11.
-623389
What is 400ba (base 15) in base 11?
129300
Convert 658784 (base 10) to base 12.
2792a8
Convert 205156240 (base 7) to base 16.
b9606b
Convert 43a12 (base 14) to base 9.
268710
What is 14351362 (base 8) in base 11?
1930274
What is -a9475 (base 12) in base 3?
-102100200122
What is -2644050 (base 8) in base 15?
-e9113
Convert -2bd930 (base 14) to base 9.
-2800525
What is -23453716 (base 8) in base 11?
-2997513
Convert -31150323 (base 6) to base 14.
-19641d
-1001011111000100110110 (base 2) to base 4
-21133010312
Convert -655011 (base 9) to base 7.
-3215140
-242219 (base 10) to base 7
-2026115
4757 (base 8) to base 9
3435
Convert -101001010110011111 (base 2) to base 4.
-221112133
14aa5 (base 14) to base 7
303065
Convert 21856207 (base 9) to base 6.
1015203011
Convert -11101100101100000101000 (base 2) to base 5.
-3441141231
-4650714 (base 8) to base 16
-1351cc
61857 (base 12) to base 10
127363
Convert 21120210111 (base 3) to base 7.
1161160
What is -355205a (base 11) in base 10?
-6195870
Convert -11011100010010001101100 (base 2) to base 11.
-4090227
What is -71680 (base 9) in base 11?
-32522
-1110133114 (base 5) to base 3
-11120022121102
-10002301 (base 5) to base 8
-231163
-11012321331 (base 4) to base 2
-101000110111001111101
What is 3201038 (base 11) in base 12?
1a7a9a5
Convert 20240 (base 15) to base 2.
11000110110000000
Convert 35424130 (base 6) to base 9.
2067430
What is 100000010101001011000001 (base 2) in base 11?
4869705
What is -2025003 (base 6) in base 4?
-113223123
89ca33 (base 16) to base 10
9030195
-3d5ca5 (base 16) to base 8
-17256245
What is 1b41b9 (base 12) in base 14?
c8605
Convert -20321301 (base 4) to base 6.
-440453
-2130032120 (base 5) to base 2
-10001010010110010100010
What is 161783 (base 12) in base 9?
632800
What is -1103457 (base 8) in base 4?
-1020130233
What is 221123132 (base 4) in base 5?
20412234
Convert -10311230223 (base 4) to base 16.
-135b2b
Convert -282166 (base 16) to base 4.
-22002011212
Convert 67713e (base 15) to base 5.
2230401114
10100100100001010 (base 2) to base 6
1445550
What is 882197 (base 10) in base 5?
211212242
-13328cc (base 15) to base 11
-7896232
-1211221111 (base 3) to base 13
-13759
What is -1da5d5 (base 14) in base 11?
-668865
Convert -2125180 (base 13) to base 11.
-577426a
What is 22200221121111 (base 3) in base 9?
8627544
What is -36003043 (base 7) in base 4?
-30013301233
Convert 1323105033 (base 6) to base 4.
330113211231
-35112 (base 12) to base 11
-49391
What is -4321270 (base 8) in base 15?
-17c6b3
Convert -3032a3 (base 12) to base 15.
-ecc96
-a676a7 (base 12) to base 3
-11221101221201
What is -514454535 (base 6) in base 2?
-100001111101101001111011
What is 34424403 (base 5) in base 16?
4bfbc
What is 3410313 (base 5) in base 7?
340112
-20602024 (base 7) to base 4
-12222322120
Convert 133234130 (base 5) to base 8.
2461134
What is 998894 (base 13) in base 9?
6723535
-9eca8 (base 16) to base 6
-21535052
What is 102666 (base 9) in base 2?
1110111001111101
What is 12e427 (base 15) in base 4?
3131320030
Convert -1c5835 (base 15) to base 14.
-280d56
What is 32220 (base 7) in base 3?
101222100
What is 1623102 (base 7) in base 15?
46733
-156770 (base 9) to base 15
-1da73
What is -193ba1 (base 15) in base 10?
-1227751
What is 331230200 (base 4) in base 3?
110211122102
-2214232001 (base 5) to base 10
-4836501
-333604 (base 9) to base 7
-1460440
What is 227372 (base 10) in base 12?
ab6b8
Convert 939 (base 14) to base 3.
2111020
What is 430151 (base 9) in base 13?
8c6aa
3a424a (base 11) to base 12
2676bb
101422235 (base 6) to base 12
70a97b
Convert 300224240 (base 5) to base 9.
2187520
-32604265 (base 7) to base 8
-12554736
1030303033 (base 4) to base 12
132067
2524414 (base 6) to base 2
100001001001111010
-236b6 (base 12) to base 16
-ba2a
10010011111010011011110 (base 2) to base 7
56124440
What is 21566105 (base 8) in base 6?
243342313
Convert -101223112320 (base 4) to base 8.
-21532670
151327 (base 9) to base 6
1553511
Convert -27e5a (base 15) to base 14.
-3498a
Convert 214323 (base 7) to base 12.
19893
Convert -20411000 (base 5) to base 14.
-45ab2
What is 228887 (base 9) in base 12?
67897
What is 95492 (base 14) in base 12?
154674
1cc187 (base 16) to base 15
2735bb
413402 (base 7) to base 2
10001010011001000
-1068722 (base 9) to base 5
-121432401
What is 4433213142 (base 5) in base 2?
100100110111010000111011
Convert 17283a4 (base 11) to base 14.
56727b
What is 93b09a (base 14) in base 3?
100101022111002
-11101011101011010101 (base 2) to base 7
-11130245
What is -134902 (base 10) in base 9?
-225041
23066004 (base 7) to base 5
1004012001
10720507 (base 8) to base 4
20322011013
-2545646 (base 7) to base 5
-41042410
Convert 6160234 (base 9) to base 11.
1945843
-101000010110111001011 (base 2) to base 14
-265d23
Convert -113033112120 (base 4) to base 3.
-102110111220110
Convert -40958 (base 12) to base 9.
-137575
101010110100010010 (base 2) to base 3
22220120111
What is 100010100101100110000101 (base 2) in base 7?
140032032
43544412 (base 6) to base 8
4764330
-3977a4 (base 11) to base 5
-130001300
Convert 68045 (base 9) to base 3.
2022001112
What is 10311022303 (base 4) in base 2?
100110101001010110011
132915 (base 16) to base 9
2323443
What is 38a45a (base 12) in base 8?
3431006
-10211000120100 (base 3) to base 5
-1004342023
173a1 (base 16) to base 10
95137
Convert 354d6 (base 16) to base 2.
110101010011010110
-7738575 (base 9) to base 6
-225052322
What is 23da3 (base 14) in base 8?
253313
Convert 110022202 (base 6) to base 11.
1120628
1041430 (base 5) to base 7
104354
Convert 110012222 (base 4) to base 13.
2b634
Convert -20331023311 (base 4) to base 15.
-31597a
What is 444a0 (base 14) in base 3?
22102010000
Convert 132354 (base 10) to bas